est common divisor of 17 and 1003?
17
Calculate the highest common factor of 18538 and 31.
31
What is the highest common divisor of 14872 and 33?
11
What is the greatest common divisor of 9153 and 3?
3
Calculate the greatest common divisor of 954 and 18.
18
What is the highest common factor of 245 and 49?
49
Calculate the highest common divisor of 12 and 21.
3
Calculate the greatest common divisor of 330 and 858.
66
Calculate the greatest common divisor of 28157 and 37.
37
Calculate the highest common factor of 72 and 126.
18
Calculate the greatest common factor of 279 and 2139.
93
What is the greatest common factor of 324 and 96?
12
Calculate the highest common divisor of 216 and 594.
54
Calculate the greatest common factor of 19 and 323.
19
What is the highest common divisor of 304 and 48?
16
What is the highest common factor of 667 and 69?
23
What is the greatest common factor of 2278 and 68?
34
What is the highest common divisor of 7 and 2982?
7
Calculate the greatest common divisor of 1099 and 14.
7
What is the highest common factor of 7 and 14?
7
Calculate the highest common factor of 800 and 32.
32
What is the highest common factor of 1309 and 238?
119
What is the greatest common factor of 81 and 117?
9
What is the highest common factor of 48 and 2416?
16
Calculate the highest common divisor of 3 and 81.
3
Calculate the highest common divisor of 20620 and 20.
20
Calculate the highest common divisor of 24985 and 263.
263
Calculate the highest common divisor of 204 and 578.
34
Calculate the highest common factor of 5436 and 144.
36
Calculate the greatest common factor of 95 and 5605.
95
Calculate the greatest common factor of 64 and 80.
16
What is the greatest common factor of 28 and 1792?
28
What is the highest common divisor of 15 and 3?
3
What is the greatest common factor of 612 and 2108?
68
Calculate the highest common divisor of 36 and 1284.
12
What is the greatest common factor of 1131 and 39?
39
Calculate the highest common divisor of 6925 and 1939.
277
Calculate the greatest common factor of 20786 and 19.
19
What is the greatest common divisor of 690 and 2622?
138
Calculate the highest common divisor of 37 and 11618.
37
Calculate the greatest common factor of 3915 and 270.
135
What is the highest common factor of 609 and 261?
87
What is the highest common factor of 62 and 16802?
62
Calculate the highest common divisor of 28 and 27566.
14
Calculate the highest common divisor of 38 and 57.
19
Calculate the greatest common factor of 3 and 5154.
3
What is the highest common factor of 21490 and 30?
10
Calculate the highest common factor of 250 and 30.
10
What is the greatest common divisor of 140 and 8330?
70
Calculate the greatest common divisor of 3341 and 52.
13
What is the highest common factor of 201 and 1?
1
What is the highest common factor of 20 and 44?
4
What is the greatest common divisor of 1494 and 36?
18
What is the highest common factor of 1778 and 14?
14
What is the highest common divisor of 369 and 9?
9
What is the greatest common factor of 297 and 66?
33
What is the highest common factor of 800 and 128?
32
Calculate the highest common divisor of 14384 and 62.
62
What is the greatest common factor of 3422 and 29?
29
What is the highest common factor of 36 and 90?
18
Calculate the highest common factor of 322 and 2569.
7
Calculate the highest common divisor of 27 and 837.
27
What is the greatest common factor of 170 and 23630?
170
Calculate the highest common factor of 3 and 15.
3
What is the greatest common factor of 1752 and 5037?
219
What is the highest common divisor of 1 and 12281?
1
Calculate the greatest common divisor of 847 and 539.
77
What is the greatest common divisor of 117 and 6292?
13
Calculate the greatest common factor of 12 and 316.
4
What is the highest common factor of 437 and 19?
19
Calculate the greatest common divisor of 8 and 84.
4
Calculate the highest common divisor of 960 and 6960.
240
Calculate the highest common factor of 12 and 8286.
6
What is the highest common divisor of 204 and 510?
102
What is the highest common factor of 6804 and 28?
28
Calculate the greatest common divisor of 352 and 66.
22
What is the greatest common factor of 106 and 477?
53
What is the highest common divisor of 39 and 91?
13
Calculate the highest common divisor of 100 and 25.
25
What is the highest common divisor of 74 and 1147?
37
What is the greatest common divisor of 6 and 192?
6
What is the highest common factor of 1190 and 306?
34
Calculate the highest common divisor of 5561 and 67.
67
Calculate the highest common divisor of 72 and 6867.
9
Calculate the greatest common factor of 1955 and 460.
115
What is the greatest common factor of 30 and 186?
6
What is the greatest common factor of 72 and 1308?
12
What is the highest common factor of 1975 and 75?
25
Calculate the greatest common divisor of 80 and 995.
5
Calculate the highest common divisor of 350 and 175.
175
What is the greatest common factor of 846 and 18?
18
Calculate the highest common factor of 32 and 69984.
32
What is the highest common divisor of 14 and 322?
14
What is the greatest common factor of 130 and 9620?
130
Calculate the highest common divisor of 55 and 11.
11
Calculate the greatest common factor of 85 and 2.
1
Calculate the highest common factor of 200 and 900.
100
What is the greatest common divisor of 20 and 355?
5
What is the highest common factor of 2533 and 51?
17
What is the greatest common divisor of 28288 and 104?
104
Calculate the highest common factor of 265 and 477.
53
Calculate the greatest common divisor of 60 and 970.
10
What is the highest common divisor of 4160 and 60?
20
Calculate the highest common divisor of 70 and 20.
10
What is the greatest common factor of 204 and 276?
12
What is the greatest common factor of 30 and 960?
30
What is the greatest common divisor of 16 and 1352?
8
Calculate the highest common factor of 308 and 352.
44
What is the highest common factor of 184 and 1932?
92
What is the greatest common factor of 702 and 36?
18
Calculate the highest common factor of 2205 and 105.
105
Calculate the highest common divisor of 178 and 623.
89
What is the highest common factor of 32642 and 19?
19
Calculate the highest common factor of 363 and 66.
33
What is the greatest common factor of 1188 and 5049?
297
Calculate the highest common factor of 999 and 37.
37
Calculate the greatest common factor of 1377 and 408.
51
Calculate the greatest common divisor of 176 and 64.
16
What is the greatest common divisor of 66570 and 210?
210
What is the highest common factor of 2630 and 90?
10
What is the greatest common divisor of 24 and 876?
12
Calculate the highest common divisor of 12199 and 44.
11
What is the highest common divisor of 318 and 390?
6
Calculate the greatest common factor of 83 and 1328.
83
What is the greatest common divisor of 60 and 115?
5
What is the highest common factor of 45 and 4878?
9
Calculate the greatest common divisor of 21 and 3703.
7
Calculate the highest common factor of 92 and 4.
4
Calculate the greatest common divisor of 1940 and 200.
20
Calculate the highest common divisor of 1548 and 1935.
387
Calculate the greatest common factor of 68 and 221.
17
What is the highest common divisor of 1261 and 13?
13
Calculate the greatest common divisor of 45 and 720.
45
What is the greatest common divisor of 552 and 300?
12
Calculate the highest common factor of 79 and 4424.
79
What is the greatest common divisor of 1040 and 3250?
130
What is the highest common divisor of 3 and 1536?
3
Calculate the highest common factor of 150 and 3975.
75
What is the greatest common factor of 3937 and 508?
127
Calculate the highest common divisor of 32 and 1184.
32
What is the greatest common divisor of 10 and 15?
5
Calculate the greatest common divisor of 8570 and 10.
10
Calculate the greatest common factor of 18 and 1359.
9
Calculate the highest common factor of 1995 and 57.
57
Calculate the highest common factor of 1648 and 464.
16
What is the highest common divisor of 140 and 205?
5
Calculate the greatest common divisor of 60 and 24.
12
Calculate the greatest common factor of 3072 and 320.
64
What is the greatest common divisor of 3103 and 29?
29
What is the highest common divisor of 1 and 8?
1
Calculate the highe